 = -4*d. Give g(d).
-25
Let r(y) = -34*y - 37. Let a(o) = 14*o + 19. Let f(w) = -5*a(w) - 2*r(w). Give f(-10).
-1
Let w(x) = -x**3 + 6*x**2 - x + 8. Let m be w(6). Let j(q) = 188*q + 171*q - 346*q. Determine j(m).
26
Let l(c) be the third derivative of c**6/120 + c**5/15 - c**4/24 - 2*c**3/3 + 12*c**2 - 3. Suppose -9*r = -20*r - 44. Calculate l(r).
0
Let o(s) = -7*s + 31. Suppose 0 = -7*x - 64 + 126 - 20. Calculate o(x).
-11
Let a(g) be the third derivative of g**6/120 - 3*g**5/20 - 3*g**4/8 + 5*g**3/3 + 3963*g**2. What is a(9)?
-71
Let q(a) = -63*a**2 - 62*a**2 + 7*a - 59*a**2 + 8 - 60*a**2 + 245*a**2. Calculate q(-5).
-2
Let q(t) = 6*t**3 - 18*t**2 + 17*t + 1. Let h be q(1). Let m(r) = -6*r - 1. Determine m(h).
-37
Let x(b) = -b**3 + 3*b**2 - 2*b - 3. Let q(a) be the first derivative of 5*a**2/2 + 78*a - 208. Let l be q(-15). Calculate x(l).
-9
Let u(d) = -2*d**2 + 6*d. Let k(l) = 40*l**2 - 70*l - 20. Let a(c) = k(c) + 15*u(c). Determine a(1).
10
Let x(d) = -d**3 + 6*d**2 + d - 3. Let w(o) = -o**2 - 33*o - 60. Let s be w(-31). Suppose 16 = 2*l + 4*i - s*i, 16 = 4*l - 4*i. Determine x(l).
3
Suppose -209 = -19*m - 57. Let j be (-126)/(-112)*m/(-12)*8. Let f(l) = 0*l**3 - 7*l**2 + 8 - l**3 + 2*l + l**2. What is f(j)?
-4
Let s(t) be the third derivative of -t**6/60 + t**4/3 + 153*t**2. Let f be s(2). Let r(m) = -m**3 + m**2 + 4*m - 3. What is r(f)?
-3
Let v(q) = 3*q - 2. Let b = -36 - -43. Suppose 4*k = p + 2, 4 = -k - p + b. Let c be v(k). Let o(m) = m**2. Calculate o(c).
1
Let d be (267 - (-2 - -3))/(23 - 25). Let b = d - -130. Let o(w) = -2*w**2 - 3*w. Determine o(b).
-9
Let y(d) be the second derivative of 0*d**2 - 1/2*d**3 + 0 + 1/4*d**4 + 9*d. Let c = 160 - 158. Determine y(c).
6
Let t(l) = -l**2 - 16*l - 50. Suppose 5*u + 28 = 7*r - 10*r, -2*r = -3*u + 25. Calculate t(r).
5
Let w(k) = 2*k**2 - 12*k + 3. Suppose 5*m = c - 47, -5*c + 4*c - 3*m = -63. Let y(d) = d + 57 - c. Let a(q) = -w(q) - 6*y(q). Calculate a(4).
-11
Suppose 2*i + 54 - 8 = 0. Let b = i - -22. Let z(x) = 1. Let n(k) = 9*k + 1. Let q(u) = n(u) - z(u). Determine q(b).
-9
Suppose -3*m + 10 = -p, 0 = -72*p + 76*p - 6*m + 58. Let v(n) = -n**2 - 19*n + 9. Calculate v(p).
9
Let o be (1 + 2 - 4)*6/2. Let x = o + 6. Let l(j) be the first derivative of j**2/2 - 2*j + 9. Determine l(x).
1
Let a(t) = -5*t - 79. Let i(y) = -15*y - 266. Let r(g) = -7*a(g) + 2*i(g). What is r(-9)?
-24
Let m(u) = -u - 23. Let i be (0 - (42 - 3))*(-5)/(-15). Let q(o) = -o**2 - 19*o - 2. Let t be q(i). Let v = -76 + t. Calculate m(v).
-23
Let m(d) = d**3 - 8*d**2 - 7*d - 20. Suppose 2*p - 23 = -4*a + 5*p, -3 = 3*p. Let s be ((-4)/1 - a)/((-3)/3). Determine m(s).
-2
Let j(g) = g**3 + 10*g**2 - 25*g - 10. Let w be j(-12). Let f(z) = -41 + 25 + 27 - w*z. Calculate f(3).
5
Let j(k) = -k - 6 + 2*k - 4*k + k. Let g(m) = 1. Let p(w) = 8*g(w) + j(w). Determine p(8).
-14
Let t be 168/(-49)*(-70)/(-20). Let w(j) = -j**3 - 11*j**2 + 5*j + 2. Give w(t).
86
Let v(l) be the first derivative of -1/15*l**5 + 0*l**4 + 5/6*l**3 + 0*l - 15 - 9/2*l**2 - 1/120*l**6. Let x(u) be the second derivative of v(u). What is x(-5)?
30
Let j(s) be the second derivative of -s**5/10 - 7*s**4/12 + 5*s**3/2 + 3*s**2/2 + s - 181. Calculate j(-5).
3
Let y(m) = 2*m - 1. Let p(d) = -21*d + 8. Let z(v) = -2*p(v) - 22*y(v). Let t = 16 + -16. Suppose t = -3*f - 2*f + 20. Calculate z(f).
-2
Let q be -7 - (-7 - 10/5). Suppose -4*i + 2 = 2*g - 14, q*i = 4*g + 8. Let m(y) = y**3 - y**2 + 6. Determine m(g).
6
Suppose -4*v + 9*v - 4*y - 26 = 0, -12 = 4*v + 5*y. Let z(u) = -7*u + 5*u + u**2 - 8 - 7*u - 3*u**v + 3*u**2. Determine z(10).
2
Let g(f) = 44 + 34*f**2 + 14*f + 32*f**2 + 14*f**2 - 79*f**2. What is g(-10)?
4
Let v(m) = m**3 + 2*m**2 - 12*m + 10. Suppose -k + 9 = -3*i, k + 0 = 5*i + 19. Determine v(i).
-5
Suppose 2*i - 6 = 4*k, -2*i - 5*k + 19 - 13 = 0. Let r(d) = 13*d - 30. Give r(i).
9
Let x(r) = -37*r - 188. Suppose 16*q - 793 + 873 = 0. Determine x(q).
-3
Let j(u) = -16 + 855*u**2 + 974*u**2 - 1840*u**2 + u**3 + 11*u. What is j(10)?
-6
Let z(g) = -g + 6. Let x(y) = 13 - 3*y + 3 + 1. Let i(q) = -4*x(q) + 11*z(q). What is i(7)?
5
Let x(j) be the first derivative of -2/3*j**3 - 2*j - j**2 - 38. Give x(-3).
-14
Let y(r) = r**2 + 8*r + 14. Let t = -37 - -31. Let m be y(t). Let u(l) = 4*l**2 + 3 + 28*l**3 - m*l - 4*l**2 - 26*l**3. Calculate u(2).
15
Let w be 2*(10 - 5 - (-4)/8). Let d(o) = o**3 - 9*o**2 - 23*o - 18. Give d(w).
-29
Suppose 12 = -5*t - 23. Let u(p) be the third derivative of p**7/5040 + p**6/72 + 7*p**5/30 + 29*p**2. Let c(w) be the third derivative of u(w). Calculate c(t).
3
Let u(j) = -j**2 - 12*j - 6. Let r be (-1)/(1/(-5) + 17 + -17). Suppose 5*h + 70 = x + 20, r*h = 2*x - 55. What is u(h)?
21
Let r(c) be the first derivative of -5/3*c**3 - 5*c + 136 + 3*c**2 - 1/4*c**4. What is r(-6)?
-5
Let x(h) = -2*h - 5*h - 4*h - 10 - h**2. Let r be ((-4)/(3 - -9))/(2/60). Let l be 14*r/(-40)*(-40)/14. What is x(l)?
0
Let k(z) = -z**3 - 2*z**2 + 4*z + 4. Let u be (-58)/(-4) + (-2)/4. Let n = u + -17. Let a be -4 - ((0 - -2) + n). What is k(a)?
1
Let z be 3 + 6/8 + 91/(-52). Let w(k) = -10*k + 3. What is w(z)?
-17
Let c = 291 + -255. Suppose 0 = -8*t - 4*t - c. Let s(q) be the first derivative of -q**3/3 - 2*q**2 + 2. Give s(t).
3
Let i(u) = -53*u**2 + 12*u**2 + 16*u**2 + 9*u**2 - 37 + 17*u**2 - 37*u. Calculate i(38).
1
Let f(j) = -j. Let c be f(5). Let a(b) = -159380*b + 79694*b + 79687*b + 10. Determine a(c).
5
Suppose -10*h = -21*h + 22. Let o = -11 + 14. Let c(l) = 2*l**2 + 5*l**h - 6*l + 4 - 11 + l**o - 3*l**2. What is c(-5)?
-2
Let z(p) = p + 7. Let g be z(7). Suppose -2*b - g = -2*h, -7 = b - 4*h + 9. Let l(c) = -c - 2 + c**3 + 6*c - 6*c**2 + 11*c**2. Calculate l(b).
-6
Let d(n) be the first derivative of n**2/2 + 23*n - 1213. Calculate d(9).
32
Let h = 30 - 22. Let y(b) = -b**2 + 6*b + 14. Let u be y(h). Let m(x) = -x - 3. Give m(u).
-1
Let t(k) = -741*k + 1479. Let v be t(2). Let a(r) = 8*r**2 + 5*r + 2. Give a(v).
59
Let q be ((-32)/(-12))/((-2)/3). Let t(a) = 4*a**2 - 5*a - 4. Determine t(q).
80
Suppose -5*m + 83 = 2*j, -5*j = 4*m - 0*m - 199. Let w(l) = -885*l - l**2 - j + 884*l + 0*l**2. Determine w(0).
-39
Let b(f) = f + 7. Let l be b(-5). Let w(a) = -2*a - 5*a + 3 + l*a. Let c be (-96)/(-42) - 2/7. Determine w(c).
-7
Let y(j) = -j**2 - 4*j + 1. Suppose -145*a + 134*a - 132 = 0. Let c be 3/((69/a - -4) + 1). What is y(c)?
1
Let g(f) be the first derivative of -f**2 + 5*f - 3022. Determine g(7).
-9
Let i be 2*((-160)/(-192) - 1/((-12)/(-4))) - -2. Let g(j) = 3*j**2 - 2*j - 4 + 2*j. Give g(i).
23
Let z be ((-5)/7 - -1) + (-360)/(-210). Let u(g) = -g + 1 + 0*g**2 + 2*g**2 + 3*g**2 - 6*g**2. Let v be u(z). Let x(o) = -2*o - 3. What is x(v)?
7
Let f(j) = -j**3 - 5*j**2 - 5*j - 6. Let a(b) = -4*b + 12. Let l be a(-13). Suppose -t + l = 2*p + t, -172 = -5*p + t. Let m = -38 + p. Calculate f(m).
-2
Let g(x) = -16*x**2 - 496*x**3 - 5*x**2 + 99 + 179*x**3 + 318*x**3 - 76*x. Give g(24).
3
Let v(f) be the first derivative of -f**4/12 + 4*f**3/3 - 25*f**2/2 + 118. Let b(h) be the second derivative of v(h). Determine b(7).
-6
Let o(v) = v**2 - 10*v + 3. Let w(f) = -f**3 + 32*f**2 - 13*f - 68. Let j be w(31). Let i be j/42 + 6/(-9). Calculate o(i).
14
Let x(b) = 5*b**2 - 27*b - 25. Let p(t) = -3*t**2 + 13*t + 13. Let d(m) = -7*p(m) - 4*x(m). Let g = 22074 - 22090. Calculate d(g).
-7
Suppose 4*k = -2*z + 14, -5*k = -408*z + 413*z - 30. Let j(w) = 30*w - 10. Let l(d) = 6*d - 2. Let m(r) = 2*j(r) - 11*l(r). What is m(k)?
-4
Let a = -230 + 229. Let p(y) = -y**2 + 17*y + 18. Let k be p(a). Let v(l) = -l**3 - l - 12. Determine v(k).
-12
Let l(q) = -6 + 15*q - 4*q - 3*q + 23 - 3*q. Let m(i) = 6*i + 20. Let h(x) = 7*l(x) - 6*m(x). What is h(-6)?
5
Let h(z) = -z**3 + 6*z**2 - 4*z + 1. Let k(u) = -u**2 - 11*u - 23. Let d be k(-6). Suppose -4*b = d - 51. Let x = 16 - b. Calculate h(x).
6
Let s be ((-30)/35)/(12/56*(-8)/(-12)). Let b(p) be the first derivative of -5*p**2/2 - 36*p + 34. Give b(s).
-6
Let s = -69 - -74. Suppose -5*b = -4*j + s, -5*j + 0 = 3*b + 3. Let u(c) = 11 - 3 + j + c - 1. Determine u(-5).
2
Suppose -12*p + 2 = -22. Let j = -28 + 63. Suppose j = p*a + 19. Let l(c) = -c - 4. Determine l(a).
-12
Let w(k) be the first derivative of 0*k